et a be (192/(-30))/(2/(-10)). Suppose 43 + a = 3*w. Is w prime?
False
Let i(z) = 2*z - 17*z**2 - z**3 - 6 + 15*z**2 - 4*z. Let d(k) = k**2 + 5*k. Let r be d(-4). Is i(r) a prime number?
False
Let n(p) = p**2 + 2*p - 6. Let t be n(7). Suppose 0 = -4*a - 233 + t. Let q = 81 + a. Is q composite?
False
Let g = -11 - -19. Let s(k) = 25*k**2 - 6*k + 4. Let m be s(4). Suppose 3*a = 5*p + g*a - m, -1 = a. Is p prime?
False
Let m = 33 - 21. Let u(n) = m*n - 4 + 2*n + 3. Is u(6) composite?
False
Let w be (-15)/(-4) + 1/4. Suppose d - 248 = -w*v + 55, -5*v + 916 = 3*d. Is d composite?
False
Let y(b) = -b - 3*b + 3*b + b**2 + 39. Is y(0) a composite number?
True
Suppose u + i + 7 = -u, u - 2*i + 6 = 0. Let v(o) = -15*o - 5. Is v(u) a prime number?
False
Let j = 1408 + -995. Is j composite?
True
Let a(h) = 74*h**2 + h - 1. Is a(1) a prime number?
False
Let j = -865 - -1932. Is j prime?
False
Let t(y) = y**2 + y - 5. Let x be t(-9). Is (10 - 8)*x/2 prime?
True
Suppose 111 = 30*n - 27*n. Is n prime?
True
Let i(d) = 3*d**2 + 5*d + 5. Let q be ((-9)/1)/(1 + 0). Is i(q) composite?
True
Is ((-39)/(-9))/(4/204) prime?
False
Let b = 1155 + -455. Suppose -3*m - r = -0*r - b, -4*r = 2*m - 450. Is m a composite number?
True
Let g be (-6)/(-24) + 171/4. Let h = 398 - g. Is h prime?
False
Suppose -1108 = 4*h - 8*h. Let f = 606 - h. Is f a prime number?
False
Is -3*(-6)/4*(-284)/(-6) a composite number?
True
Let j = 552 - 191. Is j composite?
True
Let n = 2738 + -1759. Is n composite?
True
Let m = -6 + 12. Is ((-3344)/24)/((-4)/m) a prime number?
False
Let c(w) = -1. Let l(n) = n**2 - 6*n - 2. Let k(d) = 3*c(d) - l(d). Let x be k(5). Suppose y - 11 = -x. Is y a composite number?
False
Suppose l + 264 = 5*l. Let a = 43 + l. Is a composite?
False
Let x be -2*(2/(-4) - 2). Let s(i) be the third derivative of i**4/24 + 5*i**3/6 - 4*i**2. Is s(x) composite?
True
Let x = 16 - 11. Suppose x*b - 764 = b. Is b a prime number?
True
Let b(c) be the third derivative of -c**5/60 + c**4/6 + c**3/2 - 2*c**2. Let n be b(5). Is n + -18*(-2)/4 a composite number?
False
Let t = -84 - -307. Is t prime?
True
Let r = 1 + 4. Let p be (-1 - -2)/(r/170). Suppose -172 = -3*q - p. Is q a composite number?
True
Let b = 2 + -5. Let n be (-19539)/15 - b/5. Is n/(-22) + (-4)/22 composite?
False
Let a be 9/2*8/6. Let d = -4 + a. Suppose -3*w = 5*s - 165, -3*w + d*s = -w - 110. Is w a prime number?
False
Let j = -10 - -12. Suppose -2*l - 158 = -o, -100 - 218 = -2*o + j*l. Suppose 286 + o = 2*h. Is h a composite number?
False
Let c = 4 - 5. Let u = 3 + c. Suppose u*n + 3*v + 32 = 87, -5*n = -4*v - 195. Is n a prime number?
False
Is (-809)/(1 - (1 - -1)) composite?
False
Let d(t) = -t - 4. Let c be d(-10). Suppose -o - 1085 = -c*o. Is o composite?
True
Let x(t) = -16*t + 1. Let r be 404/(-44) + (-6)/(-33). Is x(r) a prime number?
False
Let s be (-4)/(-18) - (-128)/72. Suppose 0 = -s*q + 4*q - 266. Is q a composite number?
True
Suppose 0 = 5*w, 0*s - 3*s + 12 = 4*w. Suppose -17 = s*v - 249. Is v a composite number?
True
Is -2*(-2)/(-4)*-249 composite?
True
Suppose -3*g + 24 = -5*g. Let b be 38/12 - (-2)/g. Suppose 510 = 4*p - r, 2*p - p - 121 = -b*r. Is p a prime number?
True
Suppose 2*p - 24 = -0*p. Suppose 0 = -2*l - 5*y + 62, -5*l = -3*y + p - 136. Is l prime?
False
Let l = -2 - -256. Is l a composite number?
True
Let q(t) = 3*t**2 - t. Let x be q(1). Suppose -x*p = p - 123. Suppose 3*w + 2*m - 4*m - 109 = 0, 2*w + 5*m = p. Is w prime?
False
Let r(n) = 2*n + 7*n + n - 3*n. Let d be r(1). Let w = d - -16. Is w composite?
False
Let n(u) = 10*u + 7. Let h be (-10)/((-3)/6*-4). Let z be n(h). Let c = z + 81. Is c prime?
False
Let l = 55 + -36. Is l a composite number?
False
Let p be -28*-1*(-89)/(-2). Suppose i - p + 192 = -5*u, -3*u = -5*i - 638. Is u prime?
True
Let a = -4 - -6. Suppose -3*x - 114 = a*t - 811, -2*x - t = -465. Is x prime?
True
Suppose -4*f + v + 12 = 0, -8 = -f + 5*v + 14. Suppose -f*j = -8 + 2. Suppose -2*y + 2 - 4 = 0, -j*y = c - 48. Is c prime?
False
Let y(b) = 13*b + 6. Is y(7) prime?
True
Suppose -4*x = 4, -4*y + y + 23 = -2*x. Is y composite?
False
Let b(o) = 47*o**2 + 4*o + 5. Is b(-2) composite?
True
Let n = 22 + -10. Is n/(-2)*28/(-8) prime?
False
Let o(l) = l**2 - 4*l - 4. Let s be o(5). Let m = s - 2. Is 142/4 - m/(-2) a composite number?
True
Is 20/(-10)*(-238)/4 composite?
True
Let f = -166 + 327. Is f a composite number?
True
Is (1/3*4971)/5*5 a prime number?
True
Let h be (-9)/(-36) + (-2689)/4. Let r = 47 - h. Is r a composite number?
False
Let g(c) = 15*c**2 + 6*c - 5. Is g(-4) a composite number?
False
Suppose -179 = -3*f - 2*p, f - p = 73 - 15. Is f prime?
True
Suppose 5*t = -0*m + 5*m - 1180, 0 = m - 5*t - 252. Is (-10)/25 - m/(-5) a prime number?
False
Let j(h) = 37*h + 32. Is j(15) prime?
True
Let f be 166/(-4)*(-4 + -2). Suppose 0 = 9*v - 6*v - f. Is v prime?
True
Let l(u) = u**3 - 15*u**2 + 14*u + 2. Let b be l(14). Let z(d) = 21*d**3 - 2*d**2 - 3*d + 3. Is z(b) composite?
False
Let f(h) = h + 5. Let g be f(5). Let a be (21/2)/((-5)/g). Is (-145)/(-7) + (-6)/a a composite number?
True
Let f be (0 - 0) + 1 - -4. Let g = 54 + f. Is g prime?
True
Let f be 2/(-10) + 1158/15. Let i = f - 151. Is (i/(-8))/((-5)/(-20)) prime?
True
Let i be 17*-1*(-1 - 0). Suppose 2*a + 2 + 0 = 2*h, -3*a - 2*h = -i. Is (5/a)/(2/186) prime?
False
Let h(k) = k - 8. Let p be h(6). Let g be (2 + 1 + -5)/p. Is (g/2)/(1/74) composite?
False
Suppose 10*o = 58 + 612. Is o prime?
True
Suppose 5*p - 45 = -q + 73, 5*q = 15. Is p prime?
True
Is (-4)/(-18) + 4895/45 prime?
True
Let k = 28 - 63. Let c = -15 + -5. Let b = c - k. Is b a composite number?
True
Is 2/(10/4785) + 2 a composite number?
True
Let r be 122 - (-3 + 2 + 1). Suppose 2*f = -2*x - 2*f - r, -4*x = 3*f + 264. Let j = 8 - x. Is j prime?
False
Suppose 2*z + 5 = 15, 3*w + z = 194. Suppose -c + p + 2 = 0, c = 4*c + 3*p - 6. Suppose c*g + g - w = 0. Is g prime?
False
Let a = 230 + -38. Suppose -2*q - 2*t + 140 = 0, -t = -3*q + 2*t + a. Is q composite?
False
Is ((-6)/(-6 - -3))/(2/307) a composite number?
False
Suppose -j + 10 = 2*h, -6*j + 12 = -3*j. Suppose 2*v + f - 106 = h*f, 5*f = 0. Is v composite?
False
Suppose -38 + 135 = k. Is k composite?
False
Suppose -c + 760 = -6*c. Let f = -106 - c. Suppose 3*b - b = f. Is b composite?
False
Let d be (-14)/28 - (-42)/4. Suppose -5*x = -45 + d. Is x composite?
False
Let d(n) = 9*n**2 + 5*n - 9. Let p(m) = 4*m**2 + 2*m - 5. Let o(x) = -3*d(x) + 7*p(x). Is o(6) composite?
True
Let r = -5 + 2. Let s be (-2)/r*(-492)/(-8). Let h = s + -7. Is h composite?
True
Let h be (-8)/2*(-10 + 9). Is 1/h + 1521/12 a prime number?
True
Let a = 18 + -13. Suppose a*i + 150 - 1165 = 0. Is i prime?
False
Let o = 763 + -470. Is o a composite number?
False
Suppose 3*m = -2*m. Suppose 0 = 4*s - m*c + 3*c - 358, -3*c = -3*s + 279. Is s a composite number?
True
Let a be (2/(-1) - -1)*-2. Let h(q) = q**2 + 2*q - 2. Let t be h(a). Is 224/t + (-1)/3 composite?
False
Suppose 0 = 4*b - 326 - 518. Is b a prime number?
True
Let r(s) = -2*s + 3. Let z be r(2). Let h(y) = -84*y + 1. Is h(z) a composite number?
True
Suppose 2*q - 1665 = -b, 0 = 2*q + 3*q + 5*b - 4175. Suppose -2*x - 2*x + q = -2*i, 0 = x - 5*i - 194. Is x prime?
False
Let q(w) = 17*w - 4. Let s(k) = -17*k + 4. Let o(j) = 6*q(j) + 7*s(j). Is o(-5) composite?
False
Let i(m) = 779*m**2 - 2*m. Is i(-1) prime?
False
Let x be (-3)/2*(-80)/6. Suppose -2*b + 0*b + x = 0. Is b a composite number?
True
Suppose 1481 = 5*z - 2904. Is z a composite number?
False
Suppose -4*k - 15 = -459. Let q = 2 + 0. Is (k/(-9))/(q/(-6)) prime?
True
Suppose -2*r + 8 = 0, 2*t + 0*r - r - 382 = 0. Let l(i) = -i. Let o be l(-5). Suppose 3*j + z = 3*z + t, -3*j = -o*z - 190. Is j composite?
True
Let y(a) = a**3 + 6*a + 7. Is y(6) a composite number?
True
Let t(d) = d**2 + 1. Let l be t(-2). Let q be (0 - -1)*(l + -2). Suppose 15 + 87 = q*h. Is h composite?
True
Suppose 0 = 2*m - 95 - 301. Suppose m = 2*a - 172. Is a a prime number?
False
Is 6/4*13/((-117)/(-16314)) a prime number?
True
Suppose -t + 6 + 9 = 5*w, w - 14 = 2*t. Suppose -o + 275 = w*o. Is o a composite number?
True
Let k(q) = -q**3 + q**2 + 3*q - 1. Is k(-10) a composite number?
False
Let k = 43 - -127. Is (k/(-8))/(15/(-60)) 